(p) = -4514*p + 1091. Is q(-42) a composite number?
True
Is (-72)/(-48)*(-9)/((-135)/40) + 309303 a composite number?
True
Let k(x) be the first derivative of 139*x**3/3 - 4*x**2 + 154*x + 84. Is k(-21) composite?
True
Let o(l) = 72*l**2 + 1 + 55*l**2 - 3*l - 100*l**2. Is o(-8) prime?
True
Let n = -78 - -81. Suppose -n*r = -13 - 86. Suppose -r*l = -34*l + 763. Is l a prime number?
False
Let p = -2155 + 1499. Let y be (17 + -947)*2/4. Let o = y - p. Is o a prime number?
True
Let k(u) be the second derivative of 53*u**6/360 - u**4/12 - 11*u**3/3 - 27*u. Let s(i) be the second derivative of k(i). Is s(-1) a composite number?
True
Suppose 784 = 2*t - 5*t + 5*i, -5*t = -2*i + 1332. Let c = 162 - t. Let q = 265 + c. Is q prime?
False
Suppose -64*b + 1566882 = -9*b - 37*b. Is b prime?
True
Is (7080/(-9))/((-46)/3243) - -6 composite?
True
Let h be (-3 + 1606/6)*9. Suppose -16*f - h + 462 = 0. Let p = f + 3913. Is p composite?
False
Let s(q) = 16*q**2 + 29*q + 83. Let x be s(22). Suppose -60*u - x = -65*u. Is u prime?
True
Let w = 110770 + -51261. Is w a composite number?
False
Suppose 36*s = -30*s + 6589753 + 1772051. Is s a composite number?
True
Suppose -3*d = 2*k - 32, -51 = -6*d + d - k. Let b = d - 4. Suppose n - 554 = 3*u, -4*n + u + 2267 = b*u. Is n a composite number?
False
Let o(q) = -286*q - 173. Let n = 398 - 417. Is o(n) prime?
True
Let j(o) = 16*o**2 + 32*o - 2033. Is j(-90) prime?
False
Is ((40/(-6))/(-10))/(-2)*-785451 composite?
True
Let z(h) = 3*h**3 - 42*h**2 + 5*h - 34. Let k be z(14). Suppose k*s = 11*s + 654425. Is s a composite number?
False
Let x be (-150)/20*(-4)/6. Suppose -4*w + r = -51559, 2*r - 74811 = -x*w - 10372. Is w composite?
False
Suppose g - 5*y - 18715 = 16603, -2*g = 4*y - 70594. Is g a composite number?
True
Suppose 119*m - 117*m = 8. Suppose -4*p = -3*g - 106 + 611, 0 = 2*g - m*p - 342. Is g a prime number?
True
Let l = 44056 - 24259. Is l a prime number?
False
Let p be (-6 - (-13)/2)*0. Suppose p = -22*g + 31*g - 7281. Is g a composite number?
False
Suppose -y = 2*y + 3*h - 761088, 4*h - 1268487 = -5*y. Is y a composite number?
False
Is 367906 - 3/1*(-2 - -1) prime?
True
Let k = 2298 - 4451. Let b = k - -5290. Is b prime?
True
Suppose 14892 = 11*y + y. Suppose 797 = -o + 2. Let n = o + y. Is n a prime number?
False
Let n(x) = 5*x - 25. Let a be n(5). Suppose 225*j - 222*j - 7737 = a. Is j a prime number?
True
Let o = 1062 + -519. Let g be 9/(-6) + (-11)/(-2). Suppose 445 + o = g*t. Is t a prime number?
False
Suppose 76 = 11*f + 32. Suppose -2*h + 6 = 0, 3*y - 57173 = -2*y + f*h. Is y a composite number?
False
Let o be (-170)/(-51)*2/(8/6). Suppose o*t + 5*v - 5955 = 0, 11*t - 8*t - 2*v = 3563. Is t a prime number?
False
Let i(y) = -y**2 + 11*y - 17. Let s be i(8). Suppose -8*k + s*k + 1361 = 0. Is k a composite number?
False
Suppose 3*y + 2*o - 587895 = 0, 5*y - 5*o + 76938 = 1056788. Is y prime?
True
Let n be ((-6)/9*6)/(-8 - -6). Suppose -4*t + 36610 = -n*r, 2*t - 7*r + 11*r - 18290 = 0. Is t a composite number?
False
Suppose 4*z - 17401 - 56927 = -5*b, -2*z = 4*b - 37158. Is z composite?
False
Let i(l) = -26*l**3 + 2*l**2 + 6*l + 4. Let w be i(-5). Let o = -1269 + w. Is o prime?
False
Let c(u) = 917*u + 30. Let g be c(2). Suppose o + 4489 = r, 6*r = 3*r - o + 13471. Suppose r = 6*q - g. Is q a prime number?
False
Let q(u) = 629*u**2 - 4*u - 10. Let h be q(-3). Suppose -903 = o + 3*f - h, 4*o - 4*f = 18992. Is o a prime number?
True
Suppose m + 2 = 0, -3*u + 5*m = -117101 - 186476. Is u composite?
True
Let w(g) be the second derivative of -13*g**3/6 + 27*g**2 - 63*g. Is w(-7) a prime number?
False
Is 158118 - -41 - (-3)/(-6)*-8 composite?
True
Let b = -285 - -282. Let l(n) = 297*n**2 - 4*n - 2. Is l(b) prime?
True
Let p(a) = 27*a**2 - 651*a - 253. Is p(65) a prime number?
False
Suppose 143303 = 28*m - 285069. Is m prime?
True
Let z(h) = -48*h**2 + 8*h + 12. Let w be z(-4). Let o = w - -1509. Is o composite?
True
Suppose 0 = 4*x + 2*a - 100, 30*x - 2*a = 28*x + 44. Is ((-48996)/(-16))/(-9)*x/(-6) prime?
True
Suppose 14*t - 4 = 38. Suppose -2*c - 5*d + 9642 = 0, -t*c = -23*d + 19*d - 14463. Is c a prime number?
False
Let y be 38/95 - (-38)/5. Suppose 0 = y*b + 13*b - 114891. Is b a composite number?
False
Let k = 2075 + 511. Let p be 4/(-3)*6/4. Is k/p*12/(-36) a prime number?
True
Let o(k) = 2019*k - 1040. Is o(7) a prime number?
True
Suppose -9*v - 516 = -12*v. Suppose 357 = o - v. Is o a prime number?
False
Let f(m) = 139*m - 9. Let o be f(1). Suppose o = z - 3*s - 118, 5*z + 5*s - 1140 = 0. Suppose -z*j - 17068 = -237*j. Is j a composite number?
True
Is 178546903/238 - (-4)/(-56) composite?
True
Is ((-200673)/132)/(((-63)/1788)/7) a composite number?
True
Is (142717664/(-1368) + 1 + (-11)/9)/(-2) a prime number?
True
Let i = 101 - 73. Suppose -3*o - o = -i. Let d(r) = 2*r**3 + 3*r**2 - 8*r + 14. Is d(o) a prime number?
False
Suppose 9*q = 26*q - 68. Suppose -5*a + a + 10342 = 2*i, 0 = -5*i - q*a + 25861. Is i composite?
True
Suppose v = 7 - 15. Let h be (315/(-28) - (-6)/v)*3. Is (h/(-15) - 3) + 3316/10 a composite number?
False
Let l(t) = -6*t - 78. Let i be l(-12). Is 8/(-36) + i/((-54)/55055) a prime number?
False
Suppose 26*o - 1239340 = 4428738. Is o a composite number?
False
Let c(a) = -a**3 + 4*a**2 + 5*a. Let x be c(5). Let y be (42087/(-4))/(-3) + 15/20. Suppose 4*o - y = -x*o. Is o prime?
True
Let h = -146557 - -296114. Is h a composite number?
True
Let i(j) = -j**3 - j**2 + 8*j + 33. Let x be i(-4). Suppose 0 = x*p + 31299 - 158650. Is p a prime number?
False
Suppose -630126 - 18877 = -9*b + 837059. Is b composite?
True
Suppose 2*r + 12015 = y, 4*y - 6*y + 24025 = r. Is y a composite number?
True
Let s be (1 - 1) + (-4 - -8 - 2). Suppose 0 = -4*x + p + 15 + 12, s*p - 37 = -5*x. Suppose 0 = x*h - 8*h + 287. Is h a prime number?
False
Let i(j) = j**3 - 3*j**2. Let w be i(4). Suppose 10 = h + w. Let p = 61 - h. Is p prime?
True
Let m(u) = 420*u**2 + 17*u - 34. Let p be 5/(-2) - (-22)/4. Is m(p) a prime number?
True
Suppose 2*d + 4*c = 114910, 2*c = -3*d - 55123 + 227492. Is d prime?
True
Let u(q) = -16639*q + 62. Let j be u(-2). Suppose -2*m - j = -2*g, 0 = 17*g - 20*g + m + 50016. Is g composite?
False
Let m be (4/(-5))/((-90)/(-225)). Is 29804 + (m - 6/(-6 + 0)) composite?
False
Let l = -213 - -544. Let d = 3402 - l. Let p = d + 872. Is p a prime number?
True
Let v = 10874 - -25889. Is v prime?
False
Let t = -1982618 + 3453285. Is t a prime number?
False
Suppose 4*q - 264023 = -20*c + 15*c, 5*q = c - 52822. Is c prime?
True
Let q(k) = -k**2 + 13*k - 40. Let t be q(8). Suppose t = 5*g - 5547 + 952. Is g a composite number?
False
Suppose -27*m = -4*z - 32*m + 973632, -5*z + 1217073 = -2*m. Is z prime?
False
Is (-15)/10*(-263086)/3 - 0 a composite number?
False
Suppose -2*v = -4*u + 164556, 0 = -4*u + 26*v - 30*v + 164532. Is u composite?
True
Let y(p) = 128*p + 5. Suppose 150 = 38*k - 33*k. Is y(k) a composite number?
True
Suppose 2*r + 6*h = h + 14572, 4*r + 4*h = 29120. Let l = 11018 - r. Suppose 0 = 9*t + l - 19393. Is t composite?
True
Suppose 27722190 - 10208187 = 39*k. Is k prime?
True
Suppose 14*p = s + 13*p - 28238, 0 = -4*s - 3*p + 112959. Is s prime?
False
Suppose 6*k = 839 + 925. Is (-126)/k + 10552/7 composite?
True
Is ((-28 - -33)/(-5))/((-1)/12517) prime?
True
Let p = -33 + 35. Suppose 0 = -3*d - 15, -4*d = -2*l - p*l + 1656. Is l a prime number?
True
Let q(c) be the third derivative of -c**7/72 - c**6/240 - 7*c**5/30 + 17*c**2. Let h(x) be the third derivative of q(x). Is h(-5) a composite number?
False
Let i(o) = -7*o**2 - 347*o**3 - 25*o + 693*o**3 - 347*o**3 - 22. Let x(j) = j**2 - 9*j + 7. Let u be x(3). Is i(u) prime?
False
Suppose -5868 = -4*v - 4*j, -2*v = -19*j + 22*j - 2930. Is v a composite number?
False
Let r(m) = -65*m**2 - 5*m - 21. Let u(d) = 66*d**2 + 5*d + 22. Let v(q) = -4*r(q) - 3*u(q). Is v(-5) composite?
False
Let l = 251 + -253. Is l/(-12)*-23116*(-3)/2 composite?
False
Suppose -4*r = 4*s - 70331 - 210657, 0 = 3*r + s - 210729. Is r a composite number?
False
Let m be 4 + ((-136)/(-20))/(3/1020). Let s = m - 1192. Suppose -d - 945 = -4*r + 3532, 0 = -r + 5*d + s. Is r a composite number?
True
Let j be (-1)/((-2)/(3 + 3)). Suppose x + 1112 = j*c + 6647, -27711 